{"id":1773,"date":"2025-12-01T14:14:58","date_gmt":"2025-12-01T13:14:58","guid":{"rendered":"https:\/\/laurorecreative.fr\/?post_type=product&#038;p=1773"},"modified":"2025-12-04T15:42:59","modified_gmt":"2025-12-04T14:42:59","slug":"celui-qui-accompagne-un-cadeau-de-noel","status":"publish","type":"product","link":"https:\/\/laurorecreative.fr\/index.php\/product\/celui-qui-accompagne-un-cadeau-de-noel\/","title":{"rendered":"Celle qui accompagne un cadeau de No\u00ebl"},"content":{"rendered":"<p>Cette petite carte de No\u00ebl \u00e0 message capture toute la douceur et la f\u00e9erie des f\u00eates de fin d&rsquo;ann\u00e9e (Graphiste illustratrice bas\u00e9e \u00e0 Clermont-Ferrand, Auvergne)<\/p>\n<p data-start=\"195\" data-end=\"589\">Cette illustration originale est n\u00e9e du jeu cr\u00e9atif signature de <a href=\"https:\/\/www.instagram.com\/laure.abonnel\/\"><strong>Laure Abonnel<\/strong><\/a>. \u00c0 partir d\u2019une s\u00e9lection de mots inspir\u00e9s de No\u00ebl, elle compose une image riche en d\u00e9tails. Elle raconte une histoire, capte l\u2019esprit des f\u00eates et transmet l\u2019\u00e9motion de cette p\u00e9riode unique. Ainsi, chaque cr\u00e9ation se lit comme un ensemble, mais aussi \u00e9l\u00e9ment par \u00e9l\u00e9ment, ce qui offre plusieurs niveaux de lecture.<\/p>\n<p>Dans cette carte de No\u00ebl, les formes, personnages et symboles festifs se croisent, s&rsquo;entrelacent et dialoguent autour d&rsquo;un m\u00eame th\u00e8me : la magie de No\u00ebl. Une composition ludique, riche en d\u00e9tails, o\u00f9 l&rsquo;\u0153il peut s&rsquo;amuser \u00e0 chercher, d\u00e9couvrir et red\u00e9couvrir d&rsquo;infinies subtilit\u00e9s.<\/p>\n<p>Parfaite pour :<\/p>\n<ul>\n<li>Accompagner vos cadeaux de No\u00ebl d&rsquo;une attention personnalis\u00e9e<\/li>\n<li>Souhaiter vos v\u0153ux de fin d&rsquo;ann\u00e9e avec originalit\u00e9<\/li>\n<li>Ajouter une touche artisanale et locale \u00e0 vos cadeaux<\/li>\n<\/ul>\n<p data-start=\"1124\" data-end=\"1484\"><strong>Vous \u00eates une entreprise, une collectivit\u00e9 ou une association en Auvergne ? Dans ce cas, <a href=\"https:\/\/laurorecreative.fr\/index.php\/agence-communication-clermont-moulins\/\">contactez L&rsquo;Aurore Cr\u00e9ative<\/a>. Nous concevons des cartes de v\u0153ux personnalis\u00e9es qui marquent les esprits de vos clients, partenaires et collaborateurs. Carte de No\u00ebl sur-mesure, carte de v\u0153ux corporate ou illustration d\u00e9di\u00e9e : nous cr\u00e9ons des supports qui vous ressemblent.<\/strong><\/p>\n","protected":false},"excerpt":{"rendered":"<ul>\n<li><strong>Format<\/strong> : A6 (10,5 x 14,8 cm)<\/li>\n<li><strong>Papier<\/strong>\u00a0: Qualit\u00e9 premium avec une finition mate<\/li>\n<li><strong>Parfait pour<\/strong> : Souhaiter vos v\u0153ux et accompagner vos cadeaux de No\u00ebl d&rsquo;une attention personnalis\u00e9e<\/li>\n<\/ul>\n","protected":false},"featured_media":1774,"template":"","meta":[],"product_brand":[],"product_cat":[147],"product_tag":[],"class_list":{"0":"post-1773","1":"product","2":"type-product","3":"status-publish","4":"has-post-thumbnail","6":"product_cat-cartes","7":"product_shipping_class-affiches","9":"first","10":"instock","11":"taxable","12":"shipping-taxable","13":"purchasable","14":"product-type-simple"},"yoast_head":"<!-- This site is optimized with the Yoast SEO plugin v26.8 - https:\/\/yoast.com\/product\/yoast-seo-wordpress\/ -->\n<title>Carte de No\u00ebl illustr\u00e9e - Cr\u00e9ation originale Clermont-Ferrand<\/title>\n<meta name=\"description\" content=\"Carte de No\u00ebl \u00e0 message capture toute la douceur et la f\u00e9erie des f\u00eates de fin d&#039;ann\u00e9e. - Graphiste illustratrice bas\u00e9e \u00e0 Clermont-Ferrand, Auvergne\" \/>\n<meta name=\"robots\" content=\"index, follow, max-snippet:-1, max-image-preview:large, max-video-preview:-1\" \/>\n<link rel=\"canonical\" href=\"https:\/\/laurorecreative.fr\/index.php\/product\/celui-qui-accompagne-un-cadeau-de-noel\/\" \/>\n<meta property=\"og:locale\" content=\"fr_FR\" \/>\n<meta property=\"og:type\" content=\"article\" \/>\n<meta property=\"og:title\" content=\"Carte de No\u00ebl illustr\u00e9e - Cr\u00e9ation originale Clermont-Ferrand\" \/>\n<meta property=\"og:description\" content=\"Carte de No\u00ebl \u00e0 message capture toute la douceur et la f\u00e9erie des f\u00eates de fin d&#039;ann\u00e9e. - Graphiste illustratrice bas\u00e9e \u00e0 Clermont-Ferrand, Auvergne\" \/>\n<meta property=\"og:url\" content=\"https:\/\/laurorecreative.fr\/index.php\/product\/celui-qui-accompagne-un-cadeau-de-noel\/\" \/>\n<meta property=\"og:site_name\" content=\"laurorecreative.fr\" \/>\n<meta property=\"article:modified_time\" content=\"2025-12-04T14:42:59+00:00\" \/>\n<meta property=\"og:image\" content=\"http:\/\/laurorecreative.fr\/wp-content\/uploads\/2025\/12\/Illustration-carte-Noel-Laure-Abonnel.jpg\" \/>\n\t<meta property=\"og:image:width\" content=\"1300\" \/>\n\t<meta property=\"og:image:height\" content=\"1300\" \/>\n\t<meta property=\"og:image:type\" content=\"image\/jpeg\" \/>\n<meta name=\"twitter:card\" content=\"summary_large_image\" \/>\n<meta name=\"twitter:label1\" content=\"Dur\u00e9e de lecture estim\u00e9e\" \/>\n\t<meta name=\"twitter:data1\" content=\"2 minutes\" \/>\n<script type=\"application\/ld+json\" class=\"yoast-schema-graph\">{\"@context\":\"https:\/\/schema.org\",\"@graph\":[{\"@type\":\"WebPage\",\"@id\":\"https:\/\/laurorecreative.fr\/index.php\/product\/celui-qui-accompagne-un-cadeau-de-noel\/\",\"url\":\"https:\/\/laurorecreative.fr\/index.php\/product\/celui-qui-accompagne-un-cadeau-de-noel\/\",\"name\":\"Carte de No\u00ebl illustr\u00e9e - Cr\u00e9ation originale Clermont-Ferrand\",\"isPartOf\":{\"@id\":\"https:\/\/laurorecreative.fr\/#website\"},\"primaryImageOfPage\":{\"@id\":\"https:\/\/laurorecreative.fr\/index.php\/product\/celui-qui-accompagne-un-cadeau-de-noel\/#primaryimage\"},\"image\":{\"@id\":\"https:\/\/laurorecreative.fr\/index.php\/product\/celui-qui-accompagne-un-cadeau-de-noel\/#primaryimage\"},\"thumbnailUrl\":\"https:\/\/laurorecreative.fr\/wp-content\/uploads\/2025\/12\/Illustration-carte-Noel-Laure-Abonnel.jpg\",\"datePublished\":\"2025-12-01T13:14:58+00:00\",\"dateModified\":\"2025-12-04T14:42:59+00:00\",\"description\":\"Carte de No\u00ebl \u00e0 message capture toute la douceur et la f\u00e9erie des f\u00eates de fin d'ann\u00e9e. - Graphiste illustratrice bas\u00e9e \u00e0 Clermont-Ferrand, Auvergne\",\"breadcrumb\":{\"@id\":\"https:\/\/laurorecreative.fr\/index.php\/product\/celui-qui-accompagne-un-cadeau-de-noel\/#breadcrumb\"},\"inLanguage\":\"fr-FR\",\"potentialAction\":[{\"@type\":\"ReadAction\",\"target\":[\"https:\/\/laurorecreative.fr\/index.php\/product\/celui-qui-accompagne-un-cadeau-de-noel\/\"]}]},{\"@type\":\"ImageObject\",\"inLanguage\":\"fr-FR\",\"@id\":\"https:\/\/laurorecreative.fr\/index.php\/product\/celui-qui-accompagne-un-cadeau-de-noel\/#primaryimage\",\"url\":\"https:\/\/laurorecreative.fr\/wp-content\/uploads\/2025\/12\/Illustration-carte-Noel-Laure-Abonnel.jpg\",\"contentUrl\":\"https:\/\/laurorecreative.fr\/wp-content\/uploads\/2025\/12\/Illustration-carte-Noel-Laure-Abonnel.jpg\",\"width\":1300,\"height\":1300},{\"@type\":\"BreadcrumbList\",\"@id\":\"https:\/\/laurorecreative.fr\/index.php\/product\/celui-qui-accompagne-un-cadeau-de-noel\/#breadcrumb\",\"itemListElement\":[{\"@type\":\"ListItem\",\"position\":1,\"name\":\"Accueil\",\"item\":\"https:\/\/laurorecreative.fr\/\"},{\"@type\":\"ListItem\",\"position\":2,\"name\":\"Affiches &amp; illustration\",\"item\":\"https:\/\/laurorecreative.fr\/index.php\/affiches-illustration\/\"},{\"@type\":\"ListItem\",\"position\":3,\"name\":\"Celle qui accompagne un cadeau de No\u00ebl\"}]},{\"@type\":\"WebSite\",\"@id\":\"https:\/\/laurorecreative.fr\/#website\",\"url\":\"https:\/\/laurorecreative.fr\/\",\"name\":\"laurorecreative.fr\",\"description\":\"\",\"publisher\":{\"@id\":\"https:\/\/laurorecreative.fr\/#organization\"},\"potentialAction\":[{\"@type\":\"SearchAction\",\"target\":{\"@type\":\"EntryPoint\",\"urlTemplate\":\"https:\/\/laurorecreative.fr\/?s={search_term_string}\"},\"query-input\":{\"@type\":\"PropertyValueSpecification\",\"valueRequired\":true,\"valueName\":\"search_term_string\"}}],\"inLanguage\":\"fr-FR\"},{\"@type\":\"Organization\",\"@id\":\"https:\/\/laurorecreative.fr\/#organization\",\"name\":\"laurorecreative.fr\",\"url\":\"https:\/\/laurorecreative.fr\/\",\"logo\":{\"@type\":\"ImageObject\",\"inLanguage\":\"fr-FR\",\"@id\":\"https:\/\/laurorecreative.fr\/#\/schema\/logo\/image\/\",\"url\":\"https:\/\/laurorecreative.fr\/wp-content\/uploads\/2024\/06\/Aurore-Creative_Logo-copie.png\",\"contentUrl\":\"https:\/\/laurorecreative.fr\/wp-content\/uploads\/2024\/06\/Aurore-Creative_Logo-copie.png\",\"width\":300,\"height\":92,\"caption\":\"laurorecreative.fr\"},\"image\":{\"@id\":\"https:\/\/laurorecreative.fr\/#\/schema\/logo\/image\/\"}}]}<\/script>\n<!-- \/ Yoast SEO plugin. -->","yoast_head_json":{"title":"Carte de No\u00ebl illustr\u00e9e - Cr\u00e9ation originale Clermont-Ferrand","description":"Carte de No\u00ebl \u00e0 message capture toute la douceur et la f\u00e9erie des f\u00eates de fin d'ann\u00e9e. - Graphiste illustratrice bas\u00e9e \u00e0 Clermont-Ferrand, Auvergne","robots":{"index":"index","follow":"follow","max-snippet":"max-snippet:-1","max-image-preview":"max-image-preview:large","max-video-preview":"max-video-preview:-1"},"canonical":"https:\/\/laurorecreative.fr\/index.php\/product\/celui-qui-accompagne-un-cadeau-de-noel\/","og_locale":"fr_FR","og_type":"article","og_title":"Carte de No\u00ebl illustr\u00e9e - Cr\u00e9ation originale Clermont-Ferrand","og_description":"Carte de No\u00ebl \u00e0 message capture toute la douceur et la f\u00e9erie des f\u00eates de fin d'ann\u00e9e. - Graphiste illustratrice bas\u00e9e \u00e0 Clermont-Ferrand, Auvergne","og_url":"https:\/\/laurorecreative.fr\/index.php\/product\/celui-qui-accompagne-un-cadeau-de-noel\/","og_site_name":"laurorecreative.fr","article_modified_time":"2025-12-04T14:42:59+00:00","og_image":[{"width":1300,"height":1300,"url":"http:\/\/laurorecreative.fr\/wp-content\/uploads\/2025\/12\/Illustration-carte-Noel-Laure-Abonnel.jpg","type":"image\/jpeg"}],"twitter_card":"summary_large_image","twitter_misc":{"Dur\u00e9e de lecture estim\u00e9e":"2 minutes"},"schema":{"@context":"https:\/\/schema.org","@graph":[{"@type":"WebPage","@id":"https:\/\/laurorecreative.fr\/index.php\/product\/celui-qui-accompagne-un-cadeau-de-noel\/","url":"https:\/\/laurorecreative.fr\/index.php\/product\/celui-qui-accompagne-un-cadeau-de-noel\/","name":"Carte de No\u00ebl illustr\u00e9e - Cr\u00e9ation originale Clermont-Ferrand","isPartOf":{"@id":"https:\/\/laurorecreative.fr\/#website"},"primaryImageOfPage":{"@id":"https:\/\/laurorecreative.fr\/index.php\/product\/celui-qui-accompagne-un-cadeau-de-noel\/#primaryimage"},"image":{"@id":"https:\/\/laurorecreative.fr\/index.php\/product\/celui-qui-accompagne-un-cadeau-de-noel\/#primaryimage"},"thumbnailUrl":"https:\/\/laurorecreative.fr\/wp-content\/uploads\/2025\/12\/Illustration-carte-Noel-Laure-Abonnel.jpg","datePublished":"2025-12-01T13:14:58+00:00","dateModified":"2025-12-04T14:42:59+00:00","description":"Carte de No\u00ebl \u00e0 message capture toute la douceur et la f\u00e9erie des f\u00eates de fin d'ann\u00e9e. - Graphiste illustratrice bas\u00e9e \u00e0 Clermont-Ferrand, Auvergne","breadcrumb":{"@id":"https:\/\/laurorecreative.fr\/index.php\/product\/celui-qui-accompagne-un-cadeau-de-noel\/#breadcrumb"},"inLanguage":"fr-FR","potentialAction":[{"@type":"ReadAction","target":["https:\/\/laurorecreative.fr\/index.php\/product\/celui-qui-accompagne-un-cadeau-de-noel\/"]}]},{"@type":"ImageObject","inLanguage":"fr-FR","@id":"https:\/\/laurorecreative.fr\/index.php\/product\/celui-qui-accompagne-un-cadeau-de-noel\/#primaryimage","url":"https:\/\/laurorecreative.fr\/wp-content\/uploads\/2025\/12\/Illustration-carte-Noel-Laure-Abonnel.jpg","contentUrl":"https:\/\/laurorecreative.fr\/wp-content\/uploads\/2025\/12\/Illustration-carte-Noel-Laure-Abonnel.jpg","width":1300,"height":1300},{"@type":"BreadcrumbList","@id":"https:\/\/laurorecreative.fr\/index.php\/product\/celui-qui-accompagne-un-cadeau-de-noel\/#breadcrumb","itemListElement":[{"@type":"ListItem","position":1,"name":"Accueil","item":"https:\/\/laurorecreative.fr\/"},{"@type":"ListItem","position":2,"name":"Affiches &amp; illustration","item":"https:\/\/laurorecreative.fr\/index.php\/affiches-illustration\/"},{"@type":"ListItem","position":3,"name":"Celle qui accompagne un cadeau de No\u00ebl"}]},{"@type":"WebSite","@id":"https:\/\/laurorecreative.fr\/#website","url":"https:\/\/laurorecreative.fr\/","name":"laurorecreative.fr","description":"","publisher":{"@id":"https:\/\/laurorecreative.fr\/#organization"},"potentialAction":[{"@type":"SearchAction","target":{"@type":"EntryPoint","urlTemplate":"https:\/\/laurorecreative.fr\/?s={search_term_string}"},"query-input":{"@type":"PropertyValueSpecification","valueRequired":true,"valueName":"search_term_string"}}],"inLanguage":"fr-FR"},{"@type":"Organization","@id":"https:\/\/laurorecreative.fr\/#organization","name":"laurorecreative.fr","url":"https:\/\/laurorecreative.fr\/","logo":{"@type":"ImageObject","inLanguage":"fr-FR","@id":"https:\/\/laurorecreative.fr\/#\/schema\/logo\/image\/","url":"https:\/\/laurorecreative.fr\/wp-content\/uploads\/2024\/06\/Aurore-Creative_Logo-copie.png","contentUrl":"https:\/\/laurorecreative.fr\/wp-content\/uploads\/2024\/06\/Aurore-Creative_Logo-copie.png","width":300,"height":92,"caption":"laurorecreative.fr"},"image":{"@id":"https:\/\/laurorecreative.fr\/#\/schema\/logo\/image\/"}}]}},"_links":{"self":[{"href":"https:\/\/laurorecreative.fr\/index.php\/wp-json\/wp\/v2\/product\/1773","targetHints":{"allow":["GET"]}}],"collection":[{"href":"https:\/\/laurorecreative.fr\/index.php\/wp-json\/wp\/v2\/product"}],"about":[{"href":"https:\/\/laurorecreative.fr\/index.php\/wp-json\/wp\/v2\/types\/product"}],"version-history":[{"count":2,"href":"https:\/\/laurorecreative.fr\/index.php\/wp-json\/wp\/v2\/product\/1773\/revisions"}],"predecessor-version":[{"id":1776,"href":"https:\/\/laurorecreative.fr\/index.php\/wp-json\/wp\/v2\/product\/1773\/revisions\/1776"}],"wp:featuredmedia":[{"embeddable":true,"href":"https:\/\/laurorecreative.fr\/index.php\/wp-json\/wp\/v2\/media\/1774"}],"wp:attachment":[{"href":"https:\/\/laurorecreative.fr\/index.php\/wp-json\/wp\/v2\/media?parent=1773"}],"wp:term":[{"taxonomy":"product_brand","embeddable":true,"href":"https:\/\/laurorecreative.fr\/index.php\/wp-json\/wp\/v2\/product_brand?post=1773"},{"taxonomy":"product_cat","embeddable":true,"href":"https:\/\/laurorecreative.fr\/index.php\/wp-json\/wp\/v2\/product_cat?post=1773"},{"taxonomy":"product_tag","embeddable":true,"href":"https:\/\/laurorecreative.fr\/index.php\/wp-json\/wp\/v2\/product_tag?post=1773"}],"curies":[{"name":"wp","href":"https:\/\/api.w.org\/{rel}","templated":true}]}}